remainder when 1558 is divided by 46?
40
What is the remainder when 102 is divided by 43?
16
Calculate the remainder when 118 is divided by 63.
55
Calculate the remainder when 1237 is divided by 205.
7
Calculate the remainder when 129 is divided by 20.
9
Calculate the remainder when 280 is divided by 165.
115
Calculate the remainder when 3244 is divided by 58.
54
What is the remainder when 523 is divided by 21?
19
Calculate the remainder when 9456 is divided by 86.
82
Calculate the remainder when 9538 is divided by 77.
67
What is the remainder when 566 is divided by 48?
38
What is the remainder when 673 is divided by 138?
121
Calculate the remainder when 39 is divided by 31.
8
Calculate the remainder when 689 is divided by 74.
23
Calculate the remainder when 1246 is divided by 104.
102
Calculate the remainder when 74097 is divided by 20.
17
Calculate the remainder when 186 is divided by 41.
22
Calculate the remainder when 122 is divided by 43.
36
Calculate the remainder when 110 is divided by 3.
2
Calculate the remainder when 1769 is divided by 207.
113
What is the remainder when 53 is divided by 49?
4
What is the remainder when 6344 is divided by 27?
26
Calculate the remainder when 2383 is divided by 159.
157
Calculate the remainder when 1617 is divided by 60.
57
What is the remainder when 812 is divided by 62?
6
Calculate the remainder when 215 is divided by 36.
35
What is the remainder when 274 is divided by 193?
81
Calculate the remainder when 189 is divided by 60.
9
Calculate the remainder when 635 is divided by 9.
5
What is the remainder when 287 is divided by 20?
7
What is the remainder when 745 is divided by 300?
145
What is the remainder when 165 is divided by 6?
3
What is the remainder when 121 is divided by 18?
13
Calculate the remainder when 112 is divided by 79.
33
What is the remainder when 1938 is divided by 20?
18
Calculate the remainder when 1482 is divided by 33.
30
What is the remainder when 1810 is divided by 164?
6
Calculate the remainder when 7406 is divided by 6.
2
What is the remainder when 108 is divided by 37?
34
Calculate the remainder when 3499 is divided by 1158.
25
What is the remainder when 15 is divided by 3?
0
Calculate the remainder when 147 is divided by 20.
7
What is the remainder when 6386 is divided by 95?
21
Calculate the remainder when 208 is divided by 134.
74
Calculate the remainder when 700 is divided by 12.
4
Calculate the remainder when 2153 is divided by 17.
11
What is the remainder when 1571 is divided by 175?
171
Calculate the remainder when 2770 is divided by 917.
19
What is the remainder when 4022 is divided by 61?
57
What is the remainder when 1152 is divided by 68?
64
What is the remainder when 284 is divided by 93?
5
Calculate the remainder when 125 is divided by 56.
13
What is the remainder when 169 is divided by 9?
7
Calculate the remainder when 80 is divided by 29.
22
What is the remainder when 2658 is divided by 885?
3
What is the remainder when 25 is divided by 5?
0
What is the remainder when 480 is divided by 47?
10
What is the remainder when 99 is divided by 43?
13
What is the remainder when 262 is divided by 93?
76
Calculate the remainder when 774 is divided by 386.
2
What is the remainder when 73 is divided by 12?
1
Calculate the remainder when 126 is divided by 66.
60
What is the remainder when 95 is divided by 81?
14
Calculate the remainder when 647 is divided by 130.
127
Calculate the remainder when 179 is divided by 45.
44
What is the remainder when 2921 is divided by 34?
31
Calculate the remainder when 298 is divided by 75.
73
What is the remainder when 177 is divided by 76?
25
What is the remainder when 52 is divided by 22?
8
Calculate the remainder when 344 is divided by 23.
22
What is the remainder when 45 is divided by 19?
7
Calculate the remainder when 573 is divided by 38.
3
What is the remainder when 217 is divided by 55?
52
What is the remainder when 55 is divided by 10?
5
Calculate the remainder when 1353 is divided by 194.
189
What is the remainder when 227 is divided by 76?
75
Calculate the remainder when 1081 is divided by 57.
55
Calculate the remainder when 5123 is divided by 41.
39
What is the remainder when 756 is divided by 141?
51
What is the remainder when 153 is divided by 70?
13
Calculate the remainder when 33 is divided by 17.
16
Calculate the remainder when 2965 is divided by 212.
209
Calculate the remainder when 95 is divided by 23.
3
What is the remainder when 248 is divided by 64?
56
Calculate the remainder when 105 is divided by 27.
24
What is the remainder when 1339 is divided by 67?
66
What is the remainder when 228 is divided by 212?
16
Calculate the remainder when 158 is divided by 49.
11
What is the remainder when 317 is divided by 80?
77
What is the remainder when 12903 is divided by 18?
15
Calculate the remainder when 144 is divided by 71.
2
Calculate the remainder when 717 is divided by 60.
57
What is the remainder when 1989 is divided by 255?
204
What is the remainder when 199 is divided by 61?
16
Calculate the remainder when 421 is divided by 47.
45
Calculate the remainder when 289 is divided by 79.
52
What is the remainder when 20234 is divided by 49?
46
What is the remainder when 3958 is divided by 1310?
28
What is the remainder when 270 is divided by 47?
35
Calculate the remainder when 511 is divided by 32.
31
Calculate the remainder when 8278 is divided by 20.
18
What is the remainder when 223 is divided by 212?
11
What is the remainder when 395 is divided by 9?
8
What is the remainder when 8042 is divided by 27?
23
Calculate the remainder when 13349 is divided by 50.
49
Calculate the remainder when 72 is divided by 16.
8
Calculate the remainder when 178 is divided by 37.
30
Calculate the remainder when 372 is divided by 15.
12
Calculate the remainder when 5855 is divided by 4.
3
Calculate the remainder when 29742 is divided by 45.
42
Calculate the remainder when 27 is divided by 12.
3
Calculate the remainder when 759 is divided by 150.
9
Calculate the remainder when 1566 is divided by 522.
0
What is the remainder when 100 is divided by 34?
32
What is the remainder when 2515 is divided by 43?
21
What is the remainder when 7737 is divided by 146?
145
What is the remainder when 684 is divided by 361?
323
Calculate the remainder when 500 is divided by 177.
146
Calculate the remainder when 69 is divided by 27.
15
Calculate the remainder when 272 is divided by 48.
32
Calculate the remainder when 898 is divided by 75.
73
Calculate the remainder when 2058 is divided by 44.
34
Calculate the remainder when 808 is divided by 102.
94
What is the remainder when 152 is divided by 131?
21
What is the remainder when 3877 is divided by 20?
17
What is the remainder when 5109 is divided by 142?
139
Calculate the remainder when 7496 is divided by 2496.
8
Calculate the remainder when 86 is divided by 62.
24
What is the remainder when 292 is divided by 59?
56
Calculate the remainder when 5412 is divided by 193.
8
What is the remainder when 229 is divided by 46?
45
What is the remainder when 5014 is divided by 11?
9
What is the remainder when 390 is divided by 33?
27
Calculate the remainder when 1882 is divided by 12.
10
What is the remainder when 1404 is divided by 5?
4
Calculate the remainder when 513 is divided by 133.
114
What is the remainder when 933 is divided by 24?
21
Calculate the remainder when 51 is divided by 21.
9
Calculate the remainder when 110 is divided by 11.
0
What is the remainder when 95 is divided by 12?
11
What is the remainder when 929 is divided by 186?
185
What is the remainder when 51 is divided by 4?
3
Calculate the remainder when 205 is divided by 47.
17
What is the remainder when 1002 is divided by 42?
36
What is the remainder when 6120 is divided by 27?
18
Calculate the remainder when 6261 is divided by 174.
171
Calculate the remainder when 96 is divided by 53.
43
What is the remainder when 477 is divided by 32?
29
Calculate the remainder when 73 is divided by 12.
1
What is the remainder when 137 is divided by 46?
45
What is the remainder when 1035 is divided by 28?
27
Calculate the remainder when 167 is divided by 17.
14
What is the remainder when 497 is divided by 50?
47
Calculate the remainder when 354 is divided by 33.
